 n(a) = 128*a - 2821. What is n(22)?
-5
Let i(r) = -39*r**2 + 284*r - 566. What is i(2)?
-154
Let r(j) = j**2 + 20*j + 14. What is r(-19)?
-5
Let a(g) = g**3 - 10*g**2 - 23*g + 29. Give a(8).
-283
Let w(s) = -s**3 + 16*s**2 + 65*s - 1169. What is w(15)?
31
Let r(g) = g**3 - 10*g**2 - 11*g - 34. Determine r(11).
-34
Let t(q) = 4*q**2 - q - 82. Calculate t(5).
13
Let y(b) = 3*b**2 - 20*b + 21. Calculate y(6).
9
Let a(n) = -n**3 + 3*n + 3. What is a(-1)?
1
Let f(d) = d**3 - 9*d**2 + 15*d + 30. Give f(5).
5
Let l(g) = -2*g**2 - 436*g - 1732. Calculate l(-4).
-20
Let n(t) = -3*t**3 + t**2 - 23*t + 68. What is n(3)?
-73
Let w(y) = -37*y + 156. Determine w(4).
8
Let c(z) = -3*z**3 + 27*z**2 - 6*z + 11. Give c(9).
-43
Let g(p) = -83*p - 273. What is g(-3)?
-24
Let z(f) = f**3 + 9*f**2 + 15*f + 28. Calculate z(-9).
-107
Let t(k) = -2*k**2 + 207*k - 3360. Give t(20).
-20
Let w(p) = -p**2 - 57*p - 839. Give w(-33).
-47
Let f(u) = 9*u - 53. Give f(-6).
-107
Let c(y) = y**2 + 3531*y + 14113. Give c(-4).
5
Let q(s) = s - 202. Calculate q(11).
-191
Let o(c) = c**2 + 7*c + 5. Determine o(0).
5
Let l(r) = -4*r**3 - 63*r**2 + 17*r - 13. Give l(-16).
-29
Let w(o) = -o**2 + 8*o + 3. Determine w(3).
18
Let s(b) = -18*b + 194. What is s(19)?
-148
Let r(f) = 4*f**2 + 353*f + 6360. What is r(-63)?
-3
Let j(d) = -4*d**2 - 10*d - 17. What is j(-2)?
-13
Let z(r) = -r**3 + r**2 + 5*r - 18. Determine z(4).
-46
Let l(z) = -z**3 + 171*z**2 + 859*z + 3693. Determine l(176).
-3
Let v(p) = -p**3 + 2*p**2 + 45*p - 18. Determine v(8).
-42
Let l(y) = -23*y**2 - 806*y - 38. What is l(-35)?
-3
Let n(y) = -2*y**2 + 102*y - 943. Give n(12).
-7
Let g(d) = -36*d - 996. What is g(-28)?
12
Let o(u) = -212*u - 28763. Give o(-136).
69
Let x(y) = 64*y**2 + 31*y + 34. What is x(-1)?
67
Let w(q) = -2*q**2 + 9*q + 240. Determine w(13).
19
Let i(y) = y**3 - 10*y**2 - 15*y + 30. Determine i(9).
-186
Let o(y) = -9*y**2 - 223*y + 1595. Calculate o(7).
-407
Let f(u) = 23*u - 223. What is f(-4)?
-315
Let s(k) = 2*k**3 - 32*k**2 + 113*k - 1. Give s(7).
-92
Let x(b) = -b**3 - 38*b**2 + 40*b + 27. Calculate x(-39).
-12
Let l(c) = -131*c + 2237. Determine l(17).
10
Let z(y) = -21*y**3 + 107*y**2 + 6*y - 12. Determine z(5).
68
Let b(h) = -168*h + 1936. What is b(11)?
88
Let y(g) = g**3 - 5*g**2 + 52*g - 321. Give y(6).
27
Let f(i) = -4*i**3 + 19*i**2 + 73*i - 415. Determine f(5).
-75
Let m(x) = x**3 - 81*x**2 + 80*x - 80. Calculate m(80).
-80
Let m(h) = 11*h**3 - 2*h**2 - 11*h + 34. Give m(3).
280
Let f(h) = h**3 - 2*h**2 + 16*h + 3. Give f(3).
60
Let k(y) = -y**3 - 30*y**2 - 30*y + 58. Determine k(-29).
87
Let d(w) = -5*w**2 - 388*w + 1208. Calculate d(3).
-1
Let a(u) = 28*u**3 - 35*u - 35. Give a(-1).
-28
Let w(b) = -b**3 - 17*b**2 - 12*b + 25. What is w(-15)?
-245
Let m(n) = 3*n**3 - 93*n**2 + 2*n - 253. Calculate m(31).
-191
Let p(x) = -7*x + 279. What is p(-34)?
517
Let o(q) = -q**3 - 94*q**2 - 25*q + 6317. Determine o(-93).
-7
Let u(t) = -79*t - 8452. Determine u(-107).
1
Let s(b) = 170*b + 4044. Give s(-24).
-36
Let y(a) = -209*a - 613. What is y(-3)?
14
Let g(w) = -w**3 + 14*w**2 + 35*w - 21. What is g(16)?
27
Let l(q) = q**3 - 7*q**2 - 234*q + 1808. Determine l(8).
0
Let g(v) = v**3 + 18*v**2 - 30*v - 216. What is g(-19)?
-7
Let j(m) = m**2 + 37*m - 182. Determine j(-41).
-18
Let q(a) = -a**3 + 4*a**2 + 10*a - 32. Give q(5).
-7
Let j(z) = -2*z**2 + 65*z - 545. What is j(9)?
-122
Let b(o) = 69*o**3 + 13*o**2 - 14*o + 1. Determine b(1).
69
Let j(i) = 36*i + 2347. What is j(-65)?
7
Let g(v) = -v**2 - 6*v + 763. Determine g(23).
96
Let b(t) = t**3 - 12*t**2 - 89*t + 47. Calculate b(17).
-21
Let x(r) = -5556*r - 16633. Give x(-3).
35
Let z(r) = r**3 + 23*r**2 + 89*r - 4. Determine z(-5).
1
Let p(x) = -38*x - 1219. Calculate p(-29).
-117
Let r(a) = 1524*a - 3041. Calculate r(2).
7
Let s(f) = f**3 - 17*f**2 + 55*f - 20. What is s(13)?
19
Let w(d) = 583*d - 29726. What is w(51)?
7
Let i(w) = w**3 - 8*w**2 + 42*w - 171. What is i(6)?
9
Let i(t) = -t**2 + t - 88. What is i(-14)?
-298
Let j(c) = -46*c - 295. Determine j(-6).
-19
Let t(m) = m**3 + m**2 + 28*m + 55. Calculate t(-7).
-435
Let x(o) = o**3 + 12*o**2 + 15*o - 14. Give x(-2).
-4
Let j(z) = -6*z**2 + 527*z + 2878. Calculate j(93).
-5
Let b(z) = z**3 + 13*z**2 - 5*z + 15. Determine b(-7).
344
Let z(r) = -28*r + 443. What is z(15)?
23
Let r(x) = 213*x + 3963. Determine r(-19).
-84
Let f(s) = 2*s**2 + 92*s + 1134. Calculate f(-26).
94
Let w(o) = -o**3 - 70*o**2 - 552*o - 30. Give w(-9).
-3
Let g(w) = -w**2 + 16*w - 64. Give g(6).
-4
Let f(u) = 154*u - 174. Determine f(5).
596
Let y(t) = 2*t**3 - 61*t**2 - 66*t + 1087. Determine y(31).
2
Let w(r) = -r**2 + 24*r - 66. Calculate w(6).
42
Let j(l) = 6*l**2 + 175*l + 1262. Determine j(-13).
1
Let b(x) = -179*x - 4665. Calculate b(-26).
-11
Let o(g) = -27*g - 131. What is o(-4)?
-23
Let l(i) = 16*i + 125. Give l(-10).
-35
Let n(l) = -153*l - 395. Calculate n(-5).
370
Let y(k) = -k**3 - 9*k**2 - 5*k + 9. What is y(-11)?
306
Let l(n) = -2*n**2 + 25*n + 6. What is l(6)?
84
Let j(f) = -f**3 + 33*f**2 - 4*f + 150. What is j(33)?
18
Let o(g) = -83*g + 157. Calculate o(3).
-92
Let i(v) = -v**3 - 14*v**2 - 18*v + 32. What is i(-4)?
-56
Let p(r) = r**2 - 44*r + 256. Determine p(6).
28
Let i(z) = 107*z + 434. What is i(-4)?
6
Let y(b) = 5*b**2 + 132*b + 71. Calculate y(-26).
19
Let q(f) = 4*f**2 + 33*f - 405. Give q(-15).
0
Let a(q) = 8*q**2 + 555*q + 2573. Calculate a(-5).
-2
Let d(o) = o**2 - 30*o - 127. Calculate d(-5).
48
Let p(y) = 830*y + 1666. What is p(-2)?
6
Let m(z) = 498*z + 14430. What is m(-29)?
-12
Let j(g) = -2*g**2 - 34*g - 106. What is j(-13)?
-2
Let j(g) = g + 22. Determine j(8).
30
Let q(f) = 87*f**2 + 4610*f - 54. What is q(-53)?
-1
Let c(g) = -6*g + 53. Give c(65).
-337
Let c(q) = 2*q**3 + 15*q**2 - 8*q - 3. Calculate c(-7).
102
Let v(h) = 3*h**3 - 85*h**2 + 29*h + 87. What is v(28)?
115
Let p(v) = -800*v + 94. What is p(1)?
-706
Let o(h) = 155*h - 64. Give o(3).
401
Let s(p) = 2*p**2 - 106*p - 2. What is s(0)?
-2
Let r(j) = 7*j**2 + 247*j + 3. Calculate r(-35).
-67
Let y(j) = j**2 + 978*j - 14896. Determine y(15).
-1
Let p(s) = -2*s**2 - 65*s - 315. Calculate p(-6).
3
Let j(b) = 17*b**2 - 15*b + 56. Give j(4).
268
Let x(k) = 4*k**2 - 144*k + 130. Determine x(30).
-590
Let v(y) = 5*y**2 + 77*y - 98. Calculate v(-16).
-50
Let u(y) = -y**3 + 64*y**2 - 296*y + 54. Give u(59).
-5
Let f(k) = k**3 - 119*k**2 - 367*k + 323. Calculate f(122).
201
Let s(r) = -r**2 - 4*r + 70. Give s(9).
-47
Let u(q) = 15*q**2 + 40*q + 21. Determine u(-2).
1
Let m(q) = -3*q**3 + 5*q**2 + 5*q - 7. What is m(1)?
0
Let g(o) = 2*o**3 - 101*o**2 + 330*o - 41. Calculate g(47).
6
Let p(b) = -b + 316. Calculate p(35).
281
Let w(l) = 2*l**3 + 33*l**2 - 15*l + 13. Determine w(-17).
-21
Let i(d) = -d**3 + 111*d**2 - 111*d - 417. Give i(110).
-527
Let m(g) = 295*g + 4420. Give m(-15).
-5
Let v(k) = -15*k - 318. Determine v(-21).
-3
Let y(f) = -172*f - 1365. Determine y(-8).
11
Let r(h) = -655*h**2 - 20961*h - 28. Determine r(-32).
4
Let t(d) = 33*d**3 - 24*d + 24. What is t(1)?
33
Let a(s) = 353*s + 174. Calculate a(1).
527
Let h(u) = u**2 - 118*u + 1979. Calculate h(100).
179
Let k(m) = -m**3 + 19*m**2 - 121*m + 1858. What is k(18)?
4
Let n(g) = 4*g**2 - 20*g - 27. Calculate n(6).
-3
Let u(k) = -41*k + 507. What is u(11)?
56
Let p(c) = c**3 - 40*c**2 + 111*c - 1. Give p(37).
-1
Let j(p) = -p**3 + 9*p**2 - 62*p + 26. Determine j(8).
-406
Let k(j) = -12*j**2 + 205*j - 707. What is k(5)?
18
Let k(y) = -y**3 - 154*y**2 + 147*y + 22628. Calculate k(-154).
-10
Let b(y) = -16*y**2 + 388*y - 781. Determine b(2).
-69
Let p(q) = -3*q**3 - 9*q**2 + 7*q + 31. Calculate p(2).
-15
Let k(m) = -9*m**3 + 2*m**2 + 11*m + 13. Determine k(-2).
71
Let n(d) = 13*d - 332. What is n(2)?
-306
Let w(b) = b**3 + 5*b**2 + 10*b + 49. Give w(-3).
37
Let x(v) = v**3 - 32*v**2 + 50*v - 101. Determine x(30).
-401
Let w(t) = -9*t**2 - 16*t + 25. Determine w(-3).
-8
Let k(w) = 2*w**3 + 12*w**2 - 106*w + 6. Calculate k(5).
26
Let c(d) = d**3 - 49*d**2 + 294*d + 1. What is c(7)?
1
Let x(j) = -132*j + 1887. What is x(15)?
-93
Let a(x) = -44*x**3 + 90*x**2 - 13*x + 25. What is a(2)?
7
Let f(s) = 4*s**2 - 128*s - 8. What is f(32)?
-8
Let q(n) = n**3 + 99*n**2 + 1800*